9?
False
Let d(j) = j**3 + 12*j**2 + 5*j - 11. Is 5 a factor of d(-8)?
True
Let f = 21 + -19. Let u(k) = f - 3*k - k**3 + 0*k**3 - k**3 - 3*k**2. Is u(-3) a multiple of 19?
True
Let q = 456 - 301. Does 32 divide q?
False
Suppose -50 = 5*p - 640. Suppose 5*u + 3*f - p = u, 4*u + f = 114. Suppose r + 7 = u. Is r a multiple of 7?
True
Let q = -22 - -22. Does 4 divide (24/(-5) + q)*70/(-21)?
True
Let f(v) = v**2 - 13*v + 2. Let r be f(12). Let k(y) = y**3 + 10*y**2 - 2*y + 5. Is k(r) a multiple of 12?
False
Let t = 372 - 240. Let b = t + 18. Is 15 a factor of b?
True
Let n(x) = -x**3 - 2*x**2 + x + 4. Let h be n(-2). Suppose -11 - 12 = h*f + 3*b, 0 = 5*b + 15. Is 25 a factor of 28 + (f - (-4 + 0))?
True
Suppose 0 = 5*j + 15, 2*x + 4*j = -2*x + 144. Let s = -160 + 143. Let k = s + x. Is 11 a factor of k?
True
Let r be -1 - 3/4*4. Let v(k) = 4*k**2 - 2*k - 4. Is 11 a factor of v(r)?
False
Let q = 521 - 323. Is q a multiple of 33?
True
Let y be (6 + -5 - 5)/2. Let z be 2 - ((1 - -1) + 277). Does 23 divide z/y + (-15)/10?
False
Suppose 7*p - 197 = -43. Is p a multiple of 2?
True
Let z = -4 + -11. Is 9 a factor of (-8)/(-20) - 234/z?
False
Let o(m) = -5*m - 22. Let j be o(-5). Suppose 5*v + 122 = s, -j*v + 0*v - 378 = -3*s. Is s a multiple of 24?
False
Let k(x) = -213*x**3 + x**2 - 2*x - 2. Does 33 divide k(-1)?
False
Let y(x) = x - 25. Let b be y(12). Let p = -8 - b. Is p a multiple of 3?
False
Suppose -83*h + 31791 + 5393 = 0. Is 3 a factor of h?
False
Suppose 3*z = -2*z - 995. Let g = z - -325. Is 20 a factor of g?
False
Suppose x + 5*w + 2 = -10, 5*x = 2*w + 21. Suppose 8*k - 370 = x*k. Suppose 0 = 5*r - 3*o - 181, 3*o + 2 = 2*r - k. Does 14 divide r?
False
Does 2 divide 3 + (-24)/4 + 45?
True
Let a be -2 - -6 - (-4 + 4). Suppose -11 - 277 = -a*n. Is n a multiple of 16?
False
Suppose -s + 176 = z - 0*z, 4*z - s = 679. Let d = -31 + z. Does 12 divide 36/(-7)*d/(-30)?
True
Let f = 9 - 7. Does 27 divide 36 + -5 + 6/f?
False
Suppose 19*v + 46 = 18*v. Let q = 51 + v. Is q a multiple of 5?
True
Suppose q = -2*a + 43, -5*q = -19*a + 18*a + 49. Is a a multiple of 6?
True
Is 42 a factor of ((-5)/(-25)*2)/((-1)/(-425))?
False
Let i be (-8)/3*207/(-6). Suppose 0 = 3*r - 7*r + i. Let a = 34 - r. Is 8 a factor of a?
False
Suppose -h - 2*z + 8 = 0, h - 18 = -3*z - z. Let w be 1/h - (-114)/(-4). Let q = w - -49. Is q a multiple of 10?
True
Does 14 divide 1349168/1204 - (-8)/(-14)?
True
Suppose 8*n = 10*n + 5*x - 1875, 3*x + 3815 = 4*n. Is 10 a factor of n?
True
Suppose 43 - 13 = 6*l. Let k(t) = -t - 2*t - 3*t - 3 - l. Is k(-8) a multiple of 20?
True
Suppose -7 = h - 0*h. Let z(y) be the second derivative of -y**5/20 - y**4/2 + 5*y**3/6 + 7*y**2 - 7*y - 4. Is 23 a factor of z(h)?
False
Let c(i) = -6*i**3 + 19*i**2 - 31*i + 31. Let t(m) = -m**3 + 4*m**2 - 6*m + 6. Let u(s) = -2*c(s) + 11*t(s). Does 6 divide u(-4)?
False
Let x = 5 + -3. Let u(c) = c**2 - 12*c + 31. Let h be u(8). Is 5 a factor of (40/(-4))/(h*x)?
True
Let h(u) = u**2 + u - 1 - 3*u - 1 + 0*u**2. Let b be h(5). Let j = -6 + b. Is j even?
False
Suppose f - 3124 = -5*i + 8331, -5*f - 2317 = -i. Does 15 divide i?
False
Suppose -54600 = 7*y + y. Does 25 divide ((-2)/(-3))/((-26)/y)?
True
Suppose 7 = -4*m + 3*z - 6, 20 = -4*m - 4*z. Is 3 a factor of (-32)/12*18/m?
True
Suppose 2*a + 570 = 4*f - 228, -a = -4*f + 801. Suppose -f = 3*n - 537. Suppose n = 4*r - 12. Does 12 divide r?
False
Suppose 5*q = 4*q + 828. Does 12 divide q?
True
Let d(i) = -i**3 - 6*i**2 - i + 2. Let g be d(-6). Suppose -g*k = -10*k - 4. Is -2 + 5 - (k + -18) a multiple of 14?
False
Let q = -18 - -29. Let t = q - -3. Suppose -3*g = -2*g - t. Is 14 a factor of g?
True
Let o be (-38)/(-4)*-24 - (-1 + -2). Let z = o - -315. Is z a multiple of 9?
True
Let l(d) = 424*d + 64. Let u be l(-7). Does 32 divide 8/(-6) + (u/(-18) - 0)?
True
Let z(x) = -x**3 + 5*x**2 + 3. Let h be z(5). Suppose 30 + 33 = -h*v. Let r = v - -45. Is r a multiple of 6?
True
Suppose -2*j + 2*c = -6*j - 24, 4*j - 2*c + 8 = 0. Let v(a) be the third derivative of a**5/60 + 5*a**4/24 + 4*a**3/3 - 23*a**2 + 2. Is 4 a factor of v(j)?
True
Let w be (-412)/(-4)*(4 + -2) - -3. Let j = 345 - w. Is j a multiple of 16?
False
Let z be (-302)/(-12) + (-10)/60. Let k = z + -38. Let b = k + 56. Is 10 a factor of b?
False
Let i be 7 + 4 + -3 - -2. Let z be (18*i/4)/1. Let j = z - 27. Is j a multiple of 8?
False
Let h = 975 + 26. Suppose -h = 7*w - 14*w. Is 13 a factor of w?
True
Suppose 44 = 5*j - 5*g + 2289, -2*g - 2210 = 5*j. Is 22 a factor of (-3)/15 - j/20?
True
Suppose -18*o = -4345 + 313. Is 56 a factor of o?
True
Suppose -q - d + 29 = 0, -5*q = -d - 2*d - 113. Suppose n = 2*b + q, -n + 3*b = -3*n + 15. Does 5 divide n?
True
Suppose 2*z - 8 = -3*g + 12, 0 = -2*g + 3*z - 4. Suppose g*u = -5*a + 11, -4*u + 19 = -3*a - 0. Is 3 a factor of u?
False
Let b = 1272 + -1222. Is 50 a factor of b?
True
Suppose -49*s + 76437 = -30*s. Does 14 divide s?
False
Let t(q) = -q**3 + 16*q**2 - 10*q - 17. Is 6 a factor of t(15)?
False
Suppose 0 = -37*x + 34*x + 11223. Does 129 divide x?
True
Suppose -2*w + 10 = 2*w + 2*x, 5*x = 5*w - 35. Suppose -251 = w*i - 607. Is 18 a factor of i?
False
Let q(u) = 13*u - 206. Is q(26) a multiple of 44?
True
Is 12 a factor of (34070/70 - 7) + 4/14?
True
Let v be 3050/55 - (-36)/66. Let u = 78 - v. Does 22 divide u?
True
Suppose -1392 = 14*j - 26*j. Is 2 a factor of j?
True
Suppose 5*s = -0*s + 1100. Let i = s + -110. Does 4 divide ((-8)/10)/((-11)/i)?
True
Suppose -9297 = -38*d + 1419. Is 5 a factor of d?
False
Let k = -229 + 183. Let j be 3/((-3)/8) + 1. Let v = j - k. Is 13 a factor of v?
True
Let d(v) = v**2 + 9*v - 13. Let b be d(-10). Let a = 89 - 57. Is 24 a factor of a*(3 + b/2)?
True
Suppose 0 = 3*a - 23 + 5. Let p be (-3)/9 + 74/a. Is (-8)/p + 59/3 a multiple of 19?
True
Suppose -2*m - 3*p + 2 = 0, -2*m + 4*p + 6 = -10. Suppose 5*i - 7*k = -m*k + 597, 0 = 4*i + 3*k - 483. Does 10 divide i?
True
Let d = 123 - 55. Suppose 5*a = 6*a - d. Is 17 a factor of a?
True
Let k(v) = 0 + 12*v**2 - 6*v**2 - 1 + 2*v. Let n(o) = o**2 - o. Let j(y) = k(y) + n(y). Is 8 a factor of j(-2)?
False
Let d be 159/(-5)*5/(3/3). Let c = d + 285. Is 14 a factor of c?
True
Suppose -4*c = -5*p + 8188, -3*c + 2655 + 634 = 2*p. Does 82 divide p?
True
Suppose 20 = 3*w + 2*w. Suppose -3*m = -k + w*k - 240, -2*m = -k - 145. Is 25 a factor of m?
True
Suppose 3*h - 1107 = 81. Let m = 964 - h. Suppose 153 - m = -5*o. Is o a multiple of 21?
False
Let y = -16 - -18. Let c = 5 - y. Suppose -c*o + o = -132. Does 22 divide o?
True
Suppose i - 6 = -0*i. Suppose -3*l = 54 + i. Does 7 divide 0 - (-2 - 2) - l?
False
Let d = -12 + -7. Let k = d + 115. Is k a multiple of 16?
True
Suppose -5*u + 3*s + 34 = 0, -4 = 4*u - 5*s - 39. Suppose -162 + 47 = u*k. Let v = 42 + k. Does 19 divide v?
True
Let q(w) be the first derivative of w**3/3 - 2*w**2 - 22*w - 2. Is q(-8) a multiple of 37?
True
Suppose j + 151 + 97 = 3*q, 4*j - 320 = -4*q. Let b = -42 - -17. Let c = q + b. Is c a multiple of 19?
True
Let w = -289 + 369. Does 40 divide w?
True
Suppose -3*z + 61 - 13 = 0. Suppose 0 = -2*n - 2*n + z. Suppose 4*g + 3*l - 30 = 0, g - 4*g + 26 = n*l. Is g a multiple of 3?
True
Let z be ((-4 - 2) + 0)/(-2). Is 19 a factor of (z + 168)*3/9?
True
Let s(x) = x**3 + 7*x**2 - 6*x + 10. Let r be s(-8). Let a be ((-126)/(-12))/(r/(-56)). Let j = -34 + a. Does 32 divide j?
True
Does 5 divide (-44)/(-6)*105/14?
True
Let z(f) = -6*f + 40. Suppose 3*m - 11 = 40. Let x be z(m). Let j = 23 - x. Does 28 divide j?
False
Let t be (-7 + -20 - -5) + 4 + 0. Is 12 a factor of (t - -10)*(-14)/1?
False
Suppose -7*d + 1974 = -1190. Is d a multiple of 32?
False
Suppose -48*v + 79778 = -35278. Is v a multiple of 51?
True
Let t = 2 + 0. Suppose 5*p - 210 = 4*v, -157 = -6*p + t*p + v. Is p a multiple of 19?
True
Suppose -6*g - 30 = -9*g. Suppose -127 + 1327 = g*c. Is c a multiple of 40?
True
Suppose 407 = 2*y - y + 4*q, -5*y - 2*q + 2017 = 0. Is y a multiple of 31?
True
Let g(a) be the first derivative of -3*a**2/2 + 16*a - 6. Is 9 a factor of g(-6)?
False
Suppose -3*t - 28 = -8*t - 3*m, 24 = 4*t + 2*m. Suppose 5*x = t + 2, 3*x + 13 = -l. Let h = l - -38. Does 9 divide h?
False
Suppose -2*q = 2*y, 3*y - 5*y = 4*q - 2. Suppose -3*t + 5*o = -13,